of 39?
3
What is the units digit of 626?
6
What is the units digit of 76650?
0
What is the thousands digit of 18205?
8
What is the thousands digit of 76416?
6
What is the units digit of 2431?
1
What is the units digit of 1298?
8
What is the ten thousands digit of 26250?
2
What is the thousands digit of 9851?
9
What is the thousands digit of 4010?
4
What is the thousands digit of 4530?
4
What is the ten thousands digit of 44570?
4
What is the thousands digit of 3602?
3
What is the tens digit of 5094?
9
What is the units digit of 942?
2
What is the hundreds digit of 748?
7
What is the hundreds digit of 8015?
0
What is the hundreds digit of 20080?
0
What is the hundreds digit of 48687?
6
What is the hundreds digit of 8881?
8
What is the hundreds digit of 500?
5
What is the tens digit of 79?
7
What is the hundreds digit of 2250?
2
What is the thousands digit of 55557?
5
What is the hundreds digit of 456?
4
What is the units digit of 714?
4
What is the hundreds digit of 8311?
3
What is the tens digit of 6506?
0
What is the units digit of 564?
4
What is the units digit of 1056?
6
What is the thousands digit of 6429?
6
What is the units digit of 35107?
7
What is the units digit of 5525?
5
What is the thousands digit of 1760?
1
What is the units digit of 10249?
9
What is the units digit of 2000?
0
What is the thousands digit of 9610?
9
What is the tens digit of 99239?
3
What is the tens digit of 27123?
2
What is the thousands digit of 25093?
5
What is the ten thousands digit of 65421?
6
What is the tens digit of 8142?
4
What is the tens digit of 1369?
6
What is the tens digit of 4382?
8
What is the thousands digit of 1611?
1
What is the thousands digit of 1774?
1
What is the hundreds digit of 2323?
3
What is the thousands digit of 4419?
4
What is the tens digit of 6734?
3
What is the units digit of 2883?
3
What is the hundreds digit of 13810?
8
What is the hundreds digit of 673?
6
What is the tens digit of 3020?
2
What is the tens digit of 649?
4
What is the hundreds digit of 8636?
6
What is the hundred thousands digit of 167637?
1
What is the hundreds digit of 4238?
2
What is the hundreds digit of 1423?
4
What is the units digit of 2418?
8
What is the tens digit of 249?
4
What is the tens digit of 23611?
1
What is the tens digit of 1542?
4
What is the units digit of 12642?
2
What is the tens digit of 690?
9
What is the thousands digit of 55761?
5
What is the hundreds digit of 607?
6
What is the hundreds digit of 10850?
8
What is the units digit of 7014?
4
What is the tens digit of 1122?
2
What is the units digit of 5970?
0
What is the hundreds digit of 2026?
0
What is the units digit of 532?
2
What is the ten thousands digit of 10574?
1
What is the units digit of 5335?
5
What is the hundreds digit of 7613?
6
What is the tens digit of 3814?
1
What is the thousands digit of 10071?
0
What is the tens digit of 43020?
2
What is the thousands digit of 54127?
4
What is the hundreds digit of 31799?
7
What is the tens digit of 5323?
2
What is the hundreds digit of 1432?
4
What is the units digit of 24290?
0
What is the units digit of 785?
5
What is the tens digit of 209?
0
What is the thousands digit of 1943?
1
What is the tens digit of 41?
4
What is the thousands digit of 6386?
6
What is the thousands digit of 3734?
3
What is the hundreds digit of 3327?
3
What is the units digit of 1410?
0
What is the thousands digit of 68761?
8
What is the tens digit of 427?
2
What is the thousands digit of 8817?
8
What is the tens digit of 49205?
0
What is the units digit of 5205?
5
What is the hundreds digit of 3585?
5
What is the hundreds digit of 800?
8
What is the hundred thousands digit of 107759?
1
What is the hundreds digit of 1128?
1
What is the thousands digit of 1707?
1
What is the tens digit of 145385?
8
What is the ten thousands digit of 20161?
2
What is the tens digit of 14152?
5
What is the tens digit of 16246?
4
What is the tens digit of 2490?
9
What is the units digit of 1101?
1
What is the units digit of 36791?
1
What is the tens digit of 6394?
9
What is the tens digit of 6882?
8
What is the tens digit of 709?
0
What is the units digit of 32?
2
What is the tens digit of 91780?
8
What is the units digit of 3985?
5
What is the units digit of 26153?
3
What is the ten thousands digit of 24563?
2
What is the thousands digit of 1349?
1
What is the hundreds digit of 6301?
3
What is the units digit of 9264?
4
What is the thousands digit of 5425?
5
What is the tens digit of 195293?
9
What is the units digit of 641?
1
What is the tens digit of 1513?
1
What is the tens digit of 21283?
8
What is the thousands digit of 1513?
1
What is the hundreds digit of 409?
4
What is the hundreds digit of 75261?
2
What is the hundreds digit of 1930?
9
What is the hundreds digit of 3185?
1
What is the tens digit of 10100?
0
What is the tens digit of 4118?
1
What is the units digit of 922?
2
What is the ten thousands digit of 18936?
1
What is the tens digit of 6102?
0
What is the thousands digit of 3148?
3
What is the units digit of 1245?
5
What is the tens digit of 106440?
4
What is the hundreds digit of 175?
1
What is the units digit of 178?
8
What is the units digit of 32628?
8
What is the units digit of 11321?
1
What is the hundreds digit of 4927?
9
What is the hundreds digit of 84387?
3
What is the units digit of 138?
8
What is the thousands digit of 5033?
5
What is the tens digit of 10678?
7
What is the thousands digit of 1982?
1
What is the hundreds digit of 9122?
1
What is the units digit of 71?
1
What is the tens digit of 1383?
8
What is the ten thousands digit of 17932?
1
What is the hundreds digit of 1346?
3
What is the tens digit of 13122?
2
What is the units digit of 907?
7
What is the hundreds digit of 43010?
0
What is the hundreds digit of 2724?
7
What is the hundreds digit of 248?
2
What is the thousands digit of 1346?
1
What is the units digit of 1116?
6
What is the hundreds digit of 11626?
6
What is the tens digit of 6773?
7
What is the tens digit of 6581?
8
What is the hundreds digit of 117772?
7
What is the tens digit of 3035?
3
What is the ten thousands digit of 16947?
1
What is the units digit of 1108?
8
What is the thousands digit of 8881?
8
What is the ten thousands digit of 11667?
1
What is the tens digit of 417?
1
What is the hundreds digit of 597?
5
What is the hundreds digit of 951?
9
What is the tens digit of 471?
7
What is the hundreds digit of 4375?
3
What is the units digit of 84115?
5
What is the hundreds digit of 18390?
3
What is the thousands digit of 46543?
6
What is the thousands digit of 1394?
1
What is the units digit of 711?
1
What is the hundreds digit of 6568?
5
What is the tens digit of 1554?
5
What is the hundreds digit of 7594?
5
What is the units digit of 997?
7
What is the units digit of 2950?
0
What is the thousands digit of 26591?
6
What is the units digit of 2889?
9
What is the units digit of 4528?
8
What is the tens digit of 1716?
1
What is the units digit of 73076?
6
What is the units digit of 32264?
4
What is the tens digit of 530?
3
What is the tens digit of 5102?
0
What is the tens digit of 5380?
8
What is the thousands digit of 21534?
1
What is the tens digit of 1322?
2
What is the tens digit of 172742?
4
What is the tens digit of 11636?
3
What is the units digit of 9804?
4
What is the hundreds digit of 27365?
3
What is the tens digit of 25221?
2
What is the tens digit of 93399?
9
What is the tens digit of 714?
1
What is the tens digit of 115?
1
What is the hundred thousands digit of 139138?
1
What is the hundreds digit of 17579?
5
What is the units digit of 116?
6
What is the hundreds digit of 64331?
3
What is the tens digit of 20324?
2
What is the tens digit of 5413?
1
What is the tens digit of 5679?
7
What is the tens digit of 2388?
8
What is the tens digit of 67838?
3
What is the thousands digit of 9776?
9
What is the units digit of 107464?
4
What is the hundreds digit of 6606?
6
What is the hundreds digit of 5114?
1
What is the tens digit of 646?
4
What is the units digit of 965?
5
What is the tens digit of 34125?
2
What is the tens digit of 91857?
5
What is the units digit of 2135?
5
What is the hundreds digit of 1009?
0
What is the tens digit of 2709?
0
What is the tens digit of 723?
2
What is the hundreds digit of 7